{"id":226,"date":"2018-08-24T14:49:25","date_gmt":"2018-08-24T12:49:25","guid":{"rendered":"http:\/\/visions-of-dystopia.com\/?page_id=226"},"modified":"2022-01-29T16:42:39","modified_gmt":"2022-01-29T15:42:39","slug":"bandes-sons","status":"publish","type":"page","link":"https:\/\/visions-of-dystopia.com\/?page_id=226","title":{"rendered":"BANDES-SONS"},"content":{"rendered":"<p><strong>Teasers<br><\/strong><\/p>\n<p><iframe loading=\"lazy\" src=\"https:\/\/w.soundcloud.com\/player\/?url=https%3A\/\/api.soundcloud.com\/playlists\/1108762960&amp;color=%23ff5500&amp;auto_play=false&amp;hide_related=false&amp;show_comments=true&amp;show_user=true&amp;show_reposts=false&amp;show_teaser=true\" scrolling=\"no\" width=\"75%\" height=\"450\" frameborder=\"no\"><\/iframe><\/p>\n<p><strong>Bandes originales<\/strong><\/p>\n<p><iframe loading=\"lazy\" src=\"https:\/\/w.soundcloud.com\/player\/?url=https%3A\/\/api.soundcloud.com\/playlists\/1105376047&amp;color=%23ff0000&amp;auto_play=false&amp;hide_related=false&amp;show_comments=true&amp;show_user=true&amp;show_reposts=false&amp;show_teaser=true\" scrolling=\"no\" width=\"75%\" height=\"350\" frameborder=\"no\"><\/iframe><\/p>\n<p><strong>Ambient<\/strong><\/p>\n<p><iframe loading=\"lazy\" src=\"https:\/\/w.soundcloud.com\/player\/?url=https%3A\/\/api.soundcloud.com\/playlists\/1280031760&amp;color=%23ff0000&amp;auto_play=false&amp;hide_related=false&amp;show_comments=true&amp;show_user=true&amp;show_reposts=false&amp;show_teaser=true\" scrolling=\"no\" width=\"75%\" height=\"350\" frameborder=\"no\"><\/iframe><\/p>\n<p><strong>Chaos &amp; Fear (EP 2020)<\/strong><\/p>\n<p><iframe loading=\"lazy\" src=\"https:\/\/w.soundcloud.com\/player\/?url=https%3A\/\/api.soundcloud.com\/playlists\/1041268867&amp;color=%23ff5500&amp;auto_play=false&amp;hide_related=false&amp;show_comments=true&amp;show_user=true&amp;show_reposts=false&amp;show_teaser=true\" scrolling=\"no\" width=\"75%\" height=\"350\" frameborder=\"no\"><\/iframe><\/p>\n<p>Pochette: <a href=\"https:\/\/dose-productions.com\">Sam Hayles<\/a><\/p>\n<p><strong>Les animaux anonymes (BO, 2020)<br><\/strong><\/p>\n<p>Les Animaux Anonymes est un film r\u00e9alis\u00e9 par <a href=\"http:\/\/baptisterouveure.com\/fictionlesanimauxanonymes.html\" target=\"_blank\" rel=\"noopener noreferrer\">Baptiste Rouveure<\/a> :<\/p>\n<p><iframe loading=\"lazy\" src=\"https:\/\/w.soundcloud.com\/player\/?url=https%3A\/\/api.soundcloud.com\/playlists\/968386858&amp;color=%238f807b&amp;inverse=true&amp;hide_related=false&amp;show_comments=true&amp;show_user=true&amp;show_reposts=false&amp;show_teaser=true\" scrolling=\"no\" width=\"75%\" height=\"350\" frameborder=\"no\"><\/iframe><\/p>\n<p><strong>Cyborgs Awakening (album 2019)<\/strong><\/p>\n<p><iframe loading=\"lazy\" src=\"https:\/\/w.soundcloud.com\/player\/?url=https%3A\/\/api.soundcloud.com\/playlists\/885111463&amp;color=%238f807b&amp;auto_play=false&amp;hide_related=false&amp;show_comments=true&amp;show_user=true&amp;show_reposts=false&amp;show_teaser=true\" scrolling=\"no\" width=\"75%\" height=\"450\" frameborder=\"no\"><\/iframe><\/p>\n<p><strong>Remerciements \u00e0 :<br><\/strong>Amir Zand pour l&rsquo;image de couverture (amirzandartist.com)<br>Th\u00e9o pour le design du logo (www.facebook.com\/ogmyosweb)<br>Jo\u00ebl Dolli\u00e9 pour la postproduction (joeldolliemixing.com)<\/p>\n<p><strong>Universal War (album 2019)<br><\/strong><\/p>\n<p><a href=\"https:\/\/www.bajram.com\/\" target=\"_blank\" rel=\"noopener noreferrer\">Universal War<\/a> est un album de musique inspir\u00e9 par la bande dessin\u00e9e de <a href=\"https:\/\/www.bajram.com\/\" target=\"_blank\" rel=\"noopener noreferrer\">Denis Bajram<\/a> dont l&rsquo;histoire se d\u00e9roule \u00e0 la fin du XXI\u00e8me si\u00e8cle. <a href=\"https:\/\/www.bajram.com\/2018\/12\/03\/universal-music\/\" target=\"_blank\" rel=\"noopener\">Merci \u00e0 Denis pour le partage<\/a> !<\/p>\n<p><iframe loading=\"lazy\" src=\"https:\/\/w.soundcloud.com\/player\/?url=https%3A\/\/api.soundcloud.com\/playlists\/1381620265&amp;color=%23ff5500&amp;auto_play=false&amp;hide_related=false&amp;show_comments=true&amp;show_user=true&amp;show_reposts=false&amp;show_teaser=true\" scrolling=\"no\" width=\"75%\" height=\"400\" frameborder=\"no\"><\/iframe><\/p>\n<p><strong>Remerciements \u00e0 <a href=\"https:\/\/www.bajram.com\/\">Denis Bajram<\/a> pour la pochette !<\/strong><\/p>\n<p><strong>Lui Dire (BO 2018)<br><\/strong><\/p>\n<p><a href=\"https:\/\/www.unifrance.org\/film\/44239\/lui-dire\">Lui Dire<\/a> est un court m\u00e9trage de <a href=\"https:\/\/www.unifrance.org\/annuaires\/personne\/143258\/virginia-bach\">Virginia Bach<\/a> diffus\u00e9 sur <a href=\"https:\/\/www.france.tv\/france-3\/libre-court\/519743-lui-dire.html\">France 3<\/a> en 2018 :<\/p>\n<p><iframe loading=\"lazy\" src=\"https:\/\/w.soundcloud.com\/player\/?url=https%3A\/\/api.soundcloud.com\/playlists\/1381625701&amp;color=%23ff5500&amp;auto_play=false&amp;hide_related=false&amp;show_comments=true&amp;show_user=true&amp;show_reposts=false&amp;show_teaser=true\" scrolling=\"no\" width=\"75%\" height=\"350\" frameborder=\"no\"><\/iframe><\/p>\n<p><strong>From the inside (album 2018)<br><\/strong><\/p>\n<p><iframe loading=\"lazy\" src=\"https:\/\/w.soundcloud.com\/player\/?url=https%3A\/\/api.soundcloud.com\/playlists\/1381624075&amp;color=%23ff5500&amp;auto_play=false&amp;hide_related=false&amp;show_comments=true&amp;show_user=true&amp;show_reposts=false&amp;show_teaser=true\" scrolling=\"no\" width=\"75%\" height=\"450\" frameborder=\"no\"><\/iframe><\/p>\n<div style=\"font-size: 10px; color: #cccccc; line-break: anywhere; word-break: normal; overflow: hidden; white-space: nowrap; text-overflow: ellipsis; font-family: Interstate,Lucida Grande,Lucida Sans Unicode,Lucida Sans,Garuda,Verdana,Tahoma,sans-serif; font-weight: 100;\">&nbsp;<\/div>\n\n\n<p><\/p>\n","protected":false},"excerpt":{"rendered":"<p>Teasers Bandes originales Ambient Chaos &amp; Fear (EP 2020) Pochette: Sam Hayles Les animaux anonymes (BO, 2020) Les Animaux Anonymes est un film r\u00e9alis\u00e9 par Baptiste Rouveure : Cyborgs Awakening (album 2019) Remerciements \u00e0 :Amir Zand pour l&rsquo;image de couverture (amirzandartist.com)Th\u00e9o pour le design du logo (www.facebook.com\/ogmyosweb)Jo\u00ebl Dolli\u00e9 pour la postproduction (joeldolliemixing.com) Universal War (album [&hellip;]<\/p>\n","protected":false},"author":1,"featured_media":0,"parent":0,"menu_order":0,"comment_status":"closed","ping_status":"closed","template":"","meta":{"ngg_post_thumbnail":0},"_links":{"self":[{"href":"https:\/\/visions-of-dystopia.com\/index.php?rest_route=\/wp\/v2\/pages\/226"}],"collection":[{"href":"https:\/\/visions-of-dystopia.com\/index.php?rest_route=\/wp\/v2\/pages"}],"about":[{"href":"https:\/\/visions-of-dystopia.com\/index.php?rest_route=\/wp\/v2\/types\/page"}],"author":[{"embeddable":true,"href":"https:\/\/visions-of-dystopia.com\/index.php?rest_route=\/wp\/v2\/users\/1"}],"replies":[{"embeddable":true,"href":"https:\/\/visions-of-dystopia.com\/index.php?rest_route=%2Fwp%2Fv2%2Fcomments&post=226"}],"version-history":[{"count":156,"href":"https:\/\/visions-of-dystopia.com\/index.php?rest_route=\/wp\/v2\/pages\/226\/revisions"}],"predecessor-version":[{"id":1750,"href":"https:\/\/visions-of-dystopia.com\/index.php?rest_route=\/wp\/v2\/pages\/226\/revisions\/1750"}],"wp:attachment":[{"href":"https:\/\/visions-of-dystopia.com\/index.php?rest_route=%2Fwp%2Fv2%2Fmedia&parent=226"}],"curies":[{"name":"wp","href":"https:\/\/api.w.org\/{rel}","templated":true}]}}